u.
10
Suppose q = -2*j + 2, 2*q - 6 = -5*j - 0*q. Suppose -j*f + 54 = f. Let n = 34 - f. What is the greatest common divisor of n and 8?
8
Let x be 132/(0 + 3/2). Calculate the greatest common divisor of 11 and x.
11
Let j be 6/4*48/(-9). Let g(n) = -4*n + 4. Let f be g(j). What is the highest common divisor of 9 and f?
9
Let p(i) = -16*i - 8. Let z be p(-3). Calculate the greatest common divisor of 16 and z.
8
Suppose 2*h - 2 = 6. Suppose -n - 316 = -4*a + h*n, 0 = a + 4*n - 100. What is the highest common divisor of 12 and a?
12
Let u(b) = b**3 - 7*b**2 + 16*b - 21. Let x be u(6). What is the highest common factor of 13 and x?
13
Suppose -23 = -3*s + 103. Calculate the greatest common divisor of 14 and s.
14
Suppose 3*u + 100 = 2*m + 5*u, 4*m = -u + 200. Let l be 86 - -1 - (0 + 2). Let d = l - m. Calculate the greatest common factor of 7 and d.
7
Let h = 36 + -20. Suppose -u + h + 23 = 0. Let j(x) = x**3 - 3*x**2 - 6*x + 6. Let p be j(5). Calculate the greatest common divisor of p and u.
13
Suppose -4*k + 2*k - 280 = -5*m, -4*k - 96 = -2*m. What is the greatest common divisor of m and 29?
29
Let p = -72 + 177. What is the greatest common divisor of 42 and p?
21
Suppose -m = 2 - 4. Suppose 0 = 3*j + j - m*h - 90, 5*j + 3*h = 85. Calculate the highest common divisor of j and 10.
10
Suppose -2*w - 20 = 4*y, 4*y - 3 = w - 5. Let d be 4/(-8) - 141/w. Calculate the highest common factor of 161 and d.
23
Suppose 0*m + 3*m = -30. Let l = m + 14. What is the greatest common factor of l and 4?
4
Let x = -98 - -66. Let d = -12 - x. Calculate the greatest common divisor of 8 and d.
4
Suppose 2*j = l - 2*l + 330, -3*l + 4*j + 990 = 0. Suppose l = 4*b - b. What is the greatest common factor of b and 10?
10
Let f(d) = 3*d**2 - d - 2. Suppose -2*i + 4 = -0*i. Let b be f(i). What is the highest common divisor of b and 8?
8
Let y = 2 - 1. Let w be y - (-1)/(1/15). Suppose -47 = -3*m + 73. Calculate the highest common divisor of w and m.
8
Let b be 1 - 0*(-3 - -2). Let t be 5 - (b - (-9)/(-3)). Calculate the greatest common divisor of 77 and t.
7
Suppose -4*y = -2*y. Suppose -n + 4*n - 240 = y. Calculate the highest common divisor of 16 and n.
16
Let r = 19 + -8. What is the greatest common divisor of r and 11?
11
Let b be (-12)/(-3) - (-8 - 41). What is the highest common factor of b and 583?
53
Suppose -7*x + 3*x = -68. Calculate the highest common factor of 17 and x.
17
Suppose 0 = -w - 100 - 78. Let y(n) = n**2 + 5*n - 5. Let x be y(-7). Let m = x - w. Calculate the highest common divisor of m and 17.
17
Let i be (2/(-3))/(-1*(-2)/(-156)). What is the greatest common factor of 13 and i?
13
Suppose 6 = 2*z - 16. Suppose 0 = -0*o + 5*o + 10. Let b be (-177)/o + 3/(-6). Calculate the greatest common divisor of z and b.
11
Suppose -4*z = 5*z - 99. Calculate the greatest common divisor of z and 143.
11
Let v = 12 + -3. Suppose -2*d - 2*i + 6 = -14, -d - 4*i = -19. Suppose d*q - 135 = 4*q. Calculate the greatest common divisor of v and q.
9
Let x(d) = -d + 1. Let u be (11 - -1)/(15/(-20)). Let q be x(u). Suppose 0*p - 2*p = -68. Calculate the highest common factor of p and q.
17
Suppose -4*w + 557 = 4*s - 71, 0 = -2*w + 3*s + 289. Calculate the greatest common factor of w and 19.
19
Suppose w = -5*u + 4*w + 235, -w - 49 = -u. Let s(v) = 2*v**2 - 2*v - 1. Let a be s(3). What is the highest common factor of u and a?
11
Let t = 13 + -9. Suppose -s = z - 23, -5*z + t = -6. What is the highest common divisor of s and 189?
21
Suppose -627 = -8*k - 11*k. What is the highest common divisor of k and 55?
11
Let w = -20 + 95. Suppose 0 = 3*v - 45. What is the greatest common factor of w and v?
15
Let d(n) = -7*n - 7. Let o(i) = i + 1. Let b(m) = d(m) + 6*o(m). Let w be b(-3). Suppose r + 18 = w*r. What is the greatest common divisor of r and 12?
6
Let m(a) = a**2 - 5*a + 12. Let p be m(4). Let n = 0 - -1. Calculate the greatest common factor of p and n.
1
Let n = 111 - 91. What is the greatest common divisor of 16 and n?
4
Let c = 0 + 13. Calculate the highest common factor of 52 and c.
13
Let m(w) be the first derivative of -w**4/4 + w**3/3 + w**2/2 + 2. Let u be m(0). Suppose u = g - 18 - 14. What is the highest common factor of 8 and g?
8
Let c(k) = 3*k**2 + 6*k + 9. Let y(b) = -b**2. Let s(q) = c(q) + 2*y(q). Let w = -6 - 0. Let n be s(w). Calculate the highest common divisor of n and 81.
9
Let g be 17 + (-4)/12*-3. Let t = 7 + 5. What is the greatest common factor of g and t?
6
Let p = -3 - -24. What is the highest common divisor of p and 147?
21
Let a(p) = -p + 1. Let o be a(1). Let u be (-24 + o)*(-5)/2. Calculate the highest common divisor of 40 and u.
20
Suppose 3*r - 9 - 6 = 0. Let a(w) = w**2 + 5. Let k be a(r). Let c be 3/(45/6)*k. Calculate the greatest common divisor of c and 3.
3
Let f = 72 + -12. What is the highest common factor of f and 12?
12
Let a(l) be the first derivative of -3*l**4/4 - 2*l**3/3 + l + 2. Let k be a(-1). Let w be (1 - 0 - -18) + -1. Calculate the highest common divisor of w and k.
2
Let d(n) = 3*n**2 + 8*n. Let s be d(-6). Suppose -3*h = -2*h - s. Calculate the highest common divisor of 24 and h.
12
Suppose -3*o + 72 = 2*t + 3*t, 0 = -5*o - 4*t + 120. Let z = o + -13. Let f = 61 + -17. What is the greatest common divisor of f and z?
11
Suppose 4*f - f = g + 40, -2*f + 4*g + 40 = 0. Calculate the highest common factor of f and 156.
12
Let g be 18/6 + (2 - 2). Suppose -g*f = -100 - 62. Calculate the highest common factor of 6 and f.
6
Suppose -52 = -c + 77. Let x = -88 + c. Let t = x + -14. Calculate the greatest common factor of t and 18.
9
Let u = 35 + -19. Let q = 11 - 6. Suppose -2*y + 28 = q*t, -20 = 2*y + 3*t - 56. What is the greatest common factor of u and y?
8
Let p = 8 - 13. Let u = -7 + p. Let o be (9/(-12))/(3/u). Calculate the highest common factor of o and 15.
3
Suppose 5*p + 17 - 102 = 0. Let w(l) be the first derivative of -94*l**2 - l + 2. Let y be w(-1). Calculate the highest common factor of p and y.
17
Suppose u = -4*u - 4*j + 25, j - 13 = -2*u. Calculate the highest common divisor of 1 and u.
1
Let z = 113 + -78. Calculate the highest common divisor of 14 and z.
7
Suppose -4*s + 21 = -f, 0*s - s + 29 = -5*f. Let j = 3 - f. Calculate the greatest common factor of j and 72.
8
Let z = 16 - 13. Let a(x) = x + 4. Let r be a(z). Calculate the greatest common factor of 28 and r.
7
Let d be 2/5 + 546/10. What is the highest common divisor of 5 and d?
5
Let k(x) = -244*x + 1. Let v be k(-1). What is the highest common factor of 49 and v?
49
Let q(s) = s**2 - 7*s - 5. Let h be q(5). Let w be (-2)/((-4)/h)*-2. What is the highest common divisor of w and 15?
15
Suppose 3*g + 2*g - 190 = 0. Suppose -12 - g = -c. What is the highest common divisor of 25 and c?
25
Suppose 43 = -13*u + 199. What is the greatest common factor of 20 and u?
4
Let u be (20/(-2 + 0))/(-2). Suppose 0 = -q + 4*q - 2*g + 4, -u*g = -2*q - 21. What is the highest common divisor of q and 4?
2
Let t be ((-1)/1)/(1/(-3)). Let l(o) = o**2. Let g be l(-2). Let n = g + t. What is the greatest common divisor of n and 21?
7
Suppose -2*a - 4*f = -4 - 20, 5*f = -5*a + 75. Calculate the highest common divisor of a and 108.
18
Suppose 4*i - 7*i = -1107. Let b = i - 189. What is the highest common divisor of 20 and b?
20
Let u be 2/5 + ((-672)/(-15))/8. What is the highest common factor of u and 66?
6
Suppose -2*v + 5*v - 3*h - 6 = 0, -3*h = 6. Suppose -5*b + 24 - 4 = v, 3*f + 2*b = 176. Calculate the greatest common divisor of 14 and f.
14
Let a = 39 + -1. What is the greatest common divisor of a and 19?
19
Suppose 19 = s + c, 0 = 2*s + 3*c - 57 + 18. Suppose -q + 1 = -k - 2, 5*k + s = 4*q. Let o = 29 - k. Calculate the highest common divisor of 7 and o.
7
Let j = 8 - 1. Let r be 8/(-28) + 65/j. Calculate the highest common divisor of 9 and r.
9
Suppose -7*b + 12 = -3*b. Let k be 145/(-116) - 202/(-8). What is the highest common factor of k and b?
3
Let k be -5*(68/(-20) - -3). Suppose -2*p - k = 4*t, -4*p = 10 + 10. Let f = 13 + -7. What is the greatest common factor of f and t?
2
Suppose 2*p - 6 = -j - j, 2*j = 4. Let y be (-2)/1*(p + -5). What is the greatest common divisor of y and 8?
8
Suppose 3*u - 5*v - 21 = -0*u, -15 = 5*v. Suppose 2*w - 6 = -3*f + 4*f, 3*w 